hat are the prime factors of 2445?
3, 5, 163
What are the prime factors of 4857?
3, 1619
List the prime factors of 9450.
2, 3, 5, 7
What are the prime factors of 72858?
2, 3, 12143
List the prime factors of 19443.
3, 6481
What are the prime factors of 15350?
2, 5, 307
List the prime factors of 1771.
7, 11, 23
What are the prime factors of 175?
5, 7
What are the prime factors of 14250?
2, 3, 5, 19
What are the prime factors of 1344?
2, 3, 7
List the prime factors of 2647.
2647
What are the prime factors of 20124?
2, 3, 13, 43
List the prime factors of 556.
2, 139
What are the prime factors of 1724?
2, 431
List the prime factors of 9685.
5, 13, 149
What are the prime factors of 1372?
2, 7
List the prime factors of 5789.
7, 827
What are the prime factors of 4276?
2, 1069
What are the prime factors of 658?
2, 7, 47
List the prime factors of 47542.
2, 11, 2161
List the prime factors of 5624.
2, 19, 37
What are the prime factors of 2309?
2309
List the prime factors of 2328.
2, 3, 97
List the prime factors of 205138.
2, 109, 941
List the prime factors of 23446.
2, 19, 617
List the prime factors of 2607.
3, 11, 79
List the prime factors of 7106.
2, 11, 17, 19
List the prime factors of 42444.
2, 3, 131
What are the prime factors of 522?
2, 3, 29
List the prime factors of 133.
7, 19
List the prime factors of 32586.
2, 3, 5431
What are the prime factors of 1447?
1447
What are the prime factors of 78909?
3, 29, 907
List the prime factors of 10981.
79, 139
What are the prime factors of 55602?
2, 3, 3089
List the prime factors of 7524.
2, 3, 11, 19
What are the prime factors of 162691?
162691
List the prime factors of 6328.
2, 7, 113
List the prime factors of 10622.
2, 47, 113
List the prime factors of 531.
3, 59
What are the prime factors of 16033?
16033
List the prime factors of 5297.
5297
What are the prime factors of 10548?
2, 3, 293
List the prime factors of 815.
5, 163
List the prime factors of 30150.
2, 3, 5, 67
What are the prime factors of 1113?
3, 7, 53
List the prime factors of 8544.
2, 3, 89
What are the prime factors of 4051?
4051
List the prime factors of 1180.
2, 5, 59
What are the prime factors of 1034?
2, 11, 47
List the prime factors of 1164.
2, 3, 97
What are the prime factors of 72993?
3, 29, 839
List the prime factors of 3858.
2, 3, 643
What are the prime factors of 61938?
2, 3, 31, 37
List the prime factors of 211.
211
List the prime factors of 1682.
2, 29
What are the prime factors of 2724?
2, 3, 227
What are the prime factors of 1758?
2, 3, 293
What are the prime factors of 104946?
2, 3, 17491
What are the prime factors of 27296?
2, 853
List the prime factors of 2969.
2969
List the prime factors of 1383.
3, 461
List the prime factors of 2007.
3, 223
List the prime factors of 4557.
3, 7, 31
List the prime factors of 4265.
5, 853
List the prime factors of 19892.
2, 4973
What are the prime factors of 72062?
2, 137, 263
What are the prime factors of 5929?
7, 11
What are the prime factors of 14626?
2, 71, 103
What are the prime factors of 149?
149
List the prime factors of 3892.
2, 7, 139
List the prime factors of 74197.
74197
What are the prime factors of 18412?
2, 4603
List the prime factors of 1142.
2, 571
List the prime factors of 16651.
16651
What are the prime factors of 241?
241
List the prime factors of 8304.
2, 3, 173
What are the prime factors of 1325?
5, 53
What are the prime factors of 9511?
9511
What are the prime factors of 2282?
2, 7, 163
What are the prime factors of 7067?
37, 191
List the prime factors of 40639.
40639
List the prime factors of 761.
761
What are the prime factors of 12288?
2, 3
What are the prime factors of 5463?
3, 607
What are the prime factors of 752?
2, 47
What are the prime factors of 37370?
2, 5, 37, 101
List the prime factors of 558.
2, 3, 31
List the prime factors of 3176.
2, 397
List the prime factors of 34232.
2, 11, 389
List the prime factors of 4541.
19, 239
What are the prime factors of 2193?
3, 17, 43
What are the prime factors of 5900?
2, 5, 59
List the prime factors of 1260.
2, 3, 5, 7
List the prime factors of 4305.
3, 5, 7, 41
List the prime factors of 396.
2, 3, 11
List the prime factors of 3122.
2, 7, 223
List the prime factors of 25651.
113, 227
What are the prime factors of 3146?
2, 11, 13
List the prime factors of 267.
3, 89
What are the prime factors of 1611?
3, 179
List the prime factors of 38769.
3, 12923
What are the prime factors of 8669?
8669
What are the prime factors of 1693?
1693
What are the prime factors of 4785?
3, 5, 11, 29
What are the prime factors of 3064?
2, 383
What are the prime factors of 31438?
2, 11, 1429
What are the prime factors of 581?
7, 83
List the prime factors of 3784.
2, 11, 43
What are the prime factors of 307?
307
What are the prime factors of 4272?
2, 3, 89
What are the prime factors of 1701?
3, 7
What are the prime factors of 2659?
2659
List the prime factors of 1580.
2, 5, 79
List the prime factors of 32776.
2, 17, 241
List the prime factors of 2232.
2, 3, 31
What are the prime factors of 1703?
13, 131
What are the prime factors of 2765?
5, 7, 79
List the prime factors of 2137.
2137
What are the prime factors of 1497?
3, 499
What are the prime factors of 92467?
92467
List the prime factors of 7195.
5, 1439
List the prime factors of 23194.
2, 11597
What are the prime factors of 19224?
2, 3, 89
What are the prime factors of 26889?
3, 8963
What are the prime factors of 1150?
2, 5, 23
List the prime factors of 3479.
7, 71
List the prime factors of 873.
3, 97
What are the prime factors of 96231?
3, 32077
What are the prime factors of 94490?
2, 5, 11, 859
List the prime factors of 296.
2, 37
List the prime factors of 15047.
41, 367
What are the prime factors of 7367?
53, 139
What are the prime factors of 3894?
2, 3, 11, 59
List the prime factors of 557.
557
What are the prime factors of 17706?
2, 3, 13, 227
What are the prime factors of 16710?
2, 3, 5, 557
What are the prime factors of 92995?
5, 7, 2657
What are the prime factors of 19452?
2, 3, 1621
List the prime factors of 19334.
2, 7, 1381
What are the prime factors of 41356?
2, 7, 211
What are the prime factors of 3618?
2, 3, 67
List the prime factors of 66461.
41, 1621
List the prime factors of 1288.
2, 7, 23
What are the prime factors of 34725?
3, 5, 463
List the prime factors of 996.
2, 3, 83
List the prime factors of 19781.
131, 151
What are the prime factors of 397?
397
List the prime factors of 38014.
2, 83, 229
List the prime factors of 67741.
67741
List the prime factors of 1982.
2, 991
What are the prime factors of 107039?
29, 3691
What are the prime factors of 517?
11, 47
List the prime factors of 453.
3, 151
List the prime factors of 3693.
3, 1231
What are the prime factors of 21014?
2, 7, 19, 79
List the prime factors of 192.
2, 3
What are the prime factors of 26066?
2, 13033
List the prime factors of 7802.
2, 47, 83
What are the prime factors of 2509?
13, 193
What are the prime factors of 6259?
11, 569
List the prime factors of 745.
5, 149
List the prime factors of 27703.
13, 2131
List the prime factors of 3946.
2, 1973
What are the prime factors of 20831?
37, 563
List the prime factors of 1478.
2, 739
What are the prime factors of 1398?
2, 3, 233
What are the prime factors of 85611?
3, 28537
List the prime factors of 97370.
2, 5, 7, 13, 107
List the prime factors of 501.
3, 167
What are the prime factors of 1335?
3, 5, 89
What are the prime factors of 628?
2, 157
What are the prime factors of 2110?
2, 5, 211
List the prime factors of 23617.
11, 19, 113
What are the prime factors of 1122?
2, 3, 11, 17
List the prime factors of 3877.
3877
What are the prime factors of 11377?
31, 367
List the prime factors of 7821.
3, 11, 79
List the prime factors of 325.
5, 13
What are the prime factors of 164?
2, 41
What are the prime factors of 1994?
2, 997
What are the prime factors of 827?
827
What are the prime factors of 14969?
14969
List the prime factors of 10183.
17, 599
What are the prime factors of 30576?
2, 3, 7, 13
List the prime factors of 5845.
5, 7, 167
What are the prime factors of 6340?
2, 5, 317
List the prime factors of 28401.
3, 9467
What are the prime factors of 13785?
3, 5, 919
List the prime factors of 13868.
2, 3467
What are the prime factors of 2655?
3, 5, 59
What are the p